*3 + 10*d**2 + 4*d - 13. Determine j(-9).
32
Let n(l) = l**2 - 2*l - 6. Determine n(4).
2
Let b(f) = f - 22. Give b(10).
-12
Let p(k) = -75*k + 682. What is p(9)?
7
Let c(q) = q**3 - 4*q**2 - 3*q - 33. Give c(5).
-23
Let w(x) = -x - 8. What is w(13)?
-21
Let g(d) = -d**2 + 6*d. Calculate g(5).
5
Let b(d) = -3*d + 5. Calculate b(10).
-25
Let b(w) = -w + 22. Give b(24).
-2
Let n(y) = -y**3 + 7*y**2 - 11. Give n(7).
-11
Let x(v) = -2*v - 2. Determine x(-3).
4
Let k(r) = r**2 + 2*r - 1. What is k(0)?
-1
Let j(o) = o**3 - 4*o**2 - 13*o - 4. What is j(6)?
-10
Let l(o) = 8*o - 2. Give l(-4).
-34
Let t(r) = 9*r + 21. What is t(-3)?
-6
Let w(n) = -n**3 + 8*n**2 - 3*n + 6. Determine w(8).
-18
Let u(p) = p**2 - 5*p - 169. Calculate u(16).
7
Let a(v) = -v**2 + v + 3. Determine a(2).
1
Let a(o) = -51*o + 8. Calculate a(1).
-43
Let l(n) = 5*n**2 - 32*n - 19. Calculate l(7).
2
Let t(a) = -a**2 - 2*a. Give t(-2).
0
Let f(b) = -b**3 + 5*b**2 - 6*b - 3. Give f(5).
-33
Let m(g) = -g + 11. Determine m(6).
5
Let p(j) = 10*j - 14. Determine p(-2).
-34
Let k(w) = 4*w + 2. Calculate k(-4).
-14
Let z(d) = -d**2 - 11*d - 10. Determine z(-7).
18
Let v(c) = -c**2 - 11*c - 5. Give v(-11).
-5
Let o(c) = c + 9. Determine o(-8).
1
Let m(w) = -31*w + 489. Calculate m(16).
-7
Let y(n) = -n**3 - 5*n**2 - 22*n - 6. What is y(-4)?
66
Let z(n) = -44*n + 8. Give z(1).
-36
Let x(c) = 7*c**2 - 27*c - 5. Give x(4).
-1
Let d(u) = u**2 + 8*u - 8. Calculate d(-5).
-23
Let g(z) = 4*z**2 + 44*z + 6. Calculate g(-11).
6
Let d(i) = i**3 - 14*i**2 + 12*i + 19. Determine d(13).
6
Let z(c) = -c**2 - 4*c + 4. Give z(-4).
4
Let j(c) = -3*c**2 - c + 1. Calculate j(4).
-51
Let l(b) = -b**3 + 5*b**2 + 5*b + 1. What is l(5)?
26
Let d(v) = 9*v + 94. Give d(-10).
4
Let z(w) = 2*w + 30. Calculate z(-18).
-6
Let k(g) = -g**2 - 4*g - 3. What is k(-4)?
-3
Let h(q) = q - 15. Determine h(7).
-8
Let z(j) = -j**3 - 2*j**2 + 78*j + 8. Give z(8).
-8
Let p(h) = -2*h**2 - 4*h - 7. Calculate p(-5).
-37
Let c(y) = 3*y. What is c(-2)?
-6
Let h(o) = -o**2 - o + 21. What is h(0)?
21
Let r(t) = t**2 - 16*t - 23. Determine r(12).
-71
Let f(t) = 19*t + 293. Give f(-15).
8
Let g(u) = -15*u - 50. What is g(-4)?
10
Let m(b) = b**2 - 51*b + 225. Give m(5).
-5
Let q(y) = -y**3 - 31*y**2 - 23*y + 177. Give q(-30).
-33
Let j(r) = r**3 - 18*r**2 + 13*r + 52. Calculate j(17).
-16
Let b(s) = 54*s**2 - 160*s - 6. Determine b(3).
0
Let p(y) = -y**2 - 5*y - 6. Determine p(-6).
-12
Let u(v) = v**3 - 18*v**2 + 16*v + 20. Determine u(17).
3
Let h(s) = -13*s**3 + s**2 - 17*s - 18. What is h(-1)?
13
Let k(d) = d**2 + 2*d + 3. Give k(0).
3
Let z(r) = -r**3 + 9*r**2 - 19*r + 30. Give z(7).
-5
Let x(t) = 8*t + 4. Calculate x(4).
36
Let p(l) = l**2 - 9*l + 49. Calculate p(5).
29
Let o(a) = -a**2 - 27*a - 170. Give o(-11).
6
Let w(f) = -6*f**2 - 10*f + 6. Calculate w(-5).
-94
Let c(p) = -6*p - 34. Give c(-7).
8
Let p(v) = 25*v**3 - v - 1. What is p(-1)?
-25
Let b(a) = 19*a**2 - 9*a + 6. What is b(3)?
150
Let y(x) = -x**2 + 7*x + 30. Give y(-3).
0
Let d(u) = -u**3 - 9*u**2 + 23*u + 2. Calculate d(-11).
-9
Let y(g) = g**3 + 2*g**2 + 3*g. Determine y(-2).
-6
Let f(k) = -13*k**2 - 3*k + 5. Determine f(2).
-53
Let i(y) = -y**3 - 10*y**2 - 12*y + 17. Determine i(-8).
-15
Let f(q) = -q**3 + 6*q**2 - 5*q - 11. Give f(5).
-11
Let t(z) = z**3 + 12*z**2 + 40*z - 8. Give t(-6).
-32
Let k(c) = -65*c + 1686. Give k(26).
-4
Let r(j) = 5*j + 61. Calculate r(-14).
-9
Let j(u) = -u**3 - 10*u**2 + 9*u - 17. Determine j(-11).
5
Let d(j) = j - 9. Give d(-8).
-17
Let u(o) = 8*o + 61. Calculate u(-10).
-19
Let x(l) = l**3 - l**2 + 2*l - 4. What is x(2)?
4
Let d(f) = -f**3 - 9*f**2 - 12*f - 12. Give d(-5).
-52
Let m(o) = 3*o + 1. Give m(-3).
-8
Let w(o) = -o**2 + 11*o - 3. Give w(8).
21
Let h(f) = -4*f**2 - 4*f - 1. Give h(-1).
-1
Let m(h) = -h + 2. Calculate m(-8).
10
Let p(u) = -12*u**3 - 2*u - 4. Determine p(2).
-104
Let n(b) = b**2 - 18*b - 30. Determine n(21).
33
Let w(m) = -m**3 + 6*m**2 - 11*m + 8. What is w(3)?
2
Let q(f) = f - 22. Determine q(21).
-1
Let n(w) = 21*w**2 + 4*w + 2. Determine n(-1).
19
Let r(j) = j**2 + 4*j - 3. Give r(3).
18
Let k(g) = -g**3 - 3*g**2 + 10*g + 18. Calculate k(-6).
66
Let s(p) = p + 10. Determine s(-5).
5
Let x(b) = 11*b**2 - 3*b + 8. Calculate x(2).
46
Let n(y) = 2*y**2 + 11*y + 9. Determine n(-5).
4
Let j(n) = 3*n**3 - 3*n**2 + 2*n. Calculate j(1).
2
Let d(i) = i**2 + 2*i + 16. Give d(7).
79
Let f(b) = -3*b - 10. Give f(-3).
-1
Let x(z) = -2*z - 67. Give x(-15).
-37
Let n(i) = 3*i**3 + 9*i**2 + 2*i + 1. Determine n(-3).
-5
Let n(v) = v - 2. Give n(-2).
-4
Let j(q) = -q**2 - 10*q + 33. Calculate j(3).
-6
Let r(f) = -70*f - 558. Give r(-8).
2
Let u(t) = 6*t - 87. What is u(18)?
21
Let b(o) = -2*o**2 - 4. What is b(-3)?
-22
Let s(g) = -g + 2. Determine s(12).
-10
Let m(n) = 7*n - 51. Calculate m(-7).
-100
Let y(b) = b**3 + 11*b**2 + b + 15. Determine y(-11).
4
Let f(p) = 11*p + 4. Calculate f(4).
48
Let v(b) = -6*b**2 - 2*b + 1. Give v(2).
-27
Let r(q) = q**2 - q - 40. Determine r(0).
-40
Let d(c) = -4*c**2 - 3*c + 1. Determine d(-2).
-9
Let w(c) = -2*c**2 + 31*c - 20. Give w(14).
22
Let x(b) = -6*b**3 + 2*b**2 - 1. Give x(2).
-41
Let d(m) = -m**2 - 7*m - 10. Give d(-6).
-4
Let s(o) = o + 23. What is s(-20)?
3
Let w(i) = -3*i**2 + 177*i - 181. What is w(58)?
-7
Let w(a) = -a + 12. Give w(11).
1
Let m(f) = -11*f**2 - 3*f. Give m(-2).
-38
Let b(v) = v**3 - 11*v**2 + 9*v - 19. Determine b(11).
80
Let i(h) = 8*h - 32. Calculate i(8).
32
Let d(n) = -2*n**2 + 5*n - 2. What is d(3)?
-5
Let c(u) = -3*u + 7. Determine c(4).
-5
Let v(z) = -z**2 - 19*z - 37. Give v(-17).
-3
Let x(o) = -o**3 - 7*o**2 - 6*o + 3. What is x(-6)?
3
Let q(n) = -n**2 - 11*n + 43. Give q(-15).
-17
Let x(o) = -6*o**2 + 8*o - 8. Calculate x(3).
-38
Let p(k) = -2*k**2 + 16*k - 12. Give p(7).
2
Let u(b) = 3*b**2 - 8*b + 5. Determine u(3).
8
Let q(n) = 107*n**3 + n**2 + 2*n + 2. Calculate q(-1).
-106
Let h(q) = -q**3 + q - 14. Calculate h(0).
-14
Let s(i) = i - 9. Calculate s(-6).
-15
Let n(p) = 5*p**2 - 6*p + 7. Calculate n(1).
6
Let o(q) = q**3 + 14*q**2 + 13*q - 4. Calculate o(-13).
-4
Let p(n) = -3*n + 6. Calculate p(4).
-6
Let v(m) = 2*m**2 + 16*m - 22. Determine v(-9).
-4
Let c(i) = i**2 - 7*i + 6. Calculate c(7).
6
Let j(y) = -11*y + 95. Calculate j(9).
-4
Let x(s) = s - 83. Determine x(0).
-83
Let o(k) = k**2 + 3*k + 5. What is o(0)?
5
Let j(n) = n**2 - 10*n - 21. Calculate j(12).
3
Let p(z) = -z**3 + z**2 + 4*z - 5. What is p(2)?
-1
Let h(m) = -m**3 + 18*m**2 - 16*m - 18. What is h(17)?
-1
Let a(t) = -t**2 + 16*t - 16. Calculate a(15).
-1
Let i(v) = 7*v + 42. Calculate i(-11).
-35
Let u(o) = o - 13. Determine u(4).
-9
Let w(p) = -p**3 + 9*p**2 - 15*p - 4. Calculate w(6).
14
Let v(m) = -4*m + 116. What is v(30)?
-4
Let j(g) = 15*g - 563. Determine j(37).
-8
Let x(m) = 3*m + 121. Give x(0).
121
Let y(j) = -j**2 - 20*j - 5. What is y(-20)?
-5
Let a(l) = -l**2 + 21*l - 15. Determine a(20).
5
Let d(i) = -i**3 - 14*i**2 - 11*i + 17. Determine d(-13).
-9
Let a(p) = p**3 - 20*p**2 - 2*p + 33. Calculate a(20).
-7
Let a(j) = 4*j - 15. What is a(14)?
41
Let j(n) = -n**2 - 9*n - 16. Calculate j(-8).
-8
Let s(h) = -2*h**3 + 37*h**2 + 24*h - 71. Determine s(19).
24
Let v(c) = 3*c - 23. Determine v(5).
-8
Let z(n) = 2*n**2 - n - 9. Give z(7).
82
Let k(v) = 8*v + 9. What is k(2)?
25
Let v(m) = -3*m + 140. Determine v(50).
-10
Let i(v) = -v**2 + 3*v + 24. Calculate i(6).
6
Let x(j) = j**2 - j - 1. Give x(0).
-1
Let l(r) = -4*r**2 - 41*r - 66. What is l(-8)?
6
Let k(t) = t**3 - 5*t**2 + 4*t - 7. Give k(3).
-13
Let t(v) = -3*v - 92. Calculate t(-24).
-20
Let q(w) = 10*w**2. Give q(1).
10
Let k(b) = -2*b**3 - 41*b**2 + 22*b - 6. What is k(-21)?
-27
Let v(q) = q**2 - 7*q + 14. Give v(4).
2
Let z(w) = w**3 + 11*w**2 + 12*w + 4. Determine z(-10).
-16
Let u(j) = -j**2 - 2*j - 2. Calculate u(-6).
-26
Let x(b) = -b**3 - 3*b**2 + 21*b + 20. Give x(-6).
2
Let r(t) = 10*t + 1. Give r(-2).
-19
Let x(b) = -b**3 - 3*b**2 + 5*b + 6. What is x(-4)?
2
Let w(c) = -c**2 + 26*c - 138. Determine w(19).
-5
Let v(b) = -b**3 - 8*b**2 + 11*b + 20. Give v(-9).
2
Let r(u) = u**3 + 4*u**2 - 4*u. What is r(-4)?
16
Let h(v) = 54*v**3 + v**2 - v. Determine h(1).
54
Let v(t) = -2*t**3 - 5*t**2 + 3*t - 1. C